 + 12. Let n(m) = m**3 - 2*m**2 - 2*m + 4. What is the units digit of n(b)?
7
Suppose 0 = -x + 54 - 9. What is the tens digit of x?
4
Suppose -4*b - 62 = 82. What is the units digit of (-3)/1 + (4 - b)?
7
Suppose -2*s + 0*y - 4*y = 24, 3*s + 5*y + 33 = 0. Let w = -1 - s. What is the units digit of w?
5
Let n = 131 + -61. What is the tens digit of 191/7 + (-20)/n?
2
Suppose -475 + 7 = -c. What is the tens digit of (c/(-91))/(3/(-28))?
4
Let n(z) = 2*z - 8. Let i be (-2)/(-12) - 105/(-18). Let a be n(i). Suppose t + 7 = -2*k + 31, 16 = a*t. What is the units digit of k?
0
Let s = -2277 + 4203. What is the units digit of s/81 - (-2)/9?
4
Let a = -14 + 40. What is the units digit of a?
6
Let w(k) = -k**2 + 7*k + 7. Suppose 26 - 1 = 5*h. What is the units digit of w(h)?
7
Suppose -s - 3 = -8. Let i(a) = -3 + 9 - a + 1. What is the units digit of i(s)?
2
Suppose 5*w + 0*w = 40. Let i = w - 6. Let r(l) = 8*l - 1. What is the units digit of r(i)?
5
Let v = -130 + 193. What is the tens digit of v?
6
Let c = 3 + 3. Suppose 0*h - 2*h + c = 0. What is the units digit of h?
3
Let m = -472 + 661. What is the units digit of m?
9
Suppose -3*f = -f - 94. What is the units digit of f?
7
Let q = -2 - -5. Let o = 3 - q. Suppose -4*v = -o*v - 24. What is the units digit of v?
6
Suppose 3*q - 12 = -2*m, -4*m = -3*q - 29 - 13. Let f(h) = h + 4. What is the tens digit of f(m)?
1
Suppose 3*k = 2 + 1. Let b = 4 - k. Suppose -4*c + c - b*j = -15, 4*j = 2*c - 34. What is the units digit of c?
9
Let l(s) = -3*s + 2*s - s - 4*s - 4. What is the units digit of l(-6)?
2
Let t(w) be the first derivative of -w**2/2 - w - 2. What is the units digit of t(-6)?
5
Let r = 6 - 5. Let f be (-1 + -1)/(r/(-2)). Let p = 7 - f. What is the units digit of p?
3
Let r = -11 + 34. What is the tens digit of r?
2
What is the units digit of 1 - 5 - -7 - -6?
9
Let n(x) = -3*x**3 - 8*x**2 + 7*x - 13. Let r(z) = 13*z**3 + 32*z**2 - 28*z + 53. Let j(v) = 9*n(v) + 2*r(v). Let b = 0 + -9. What is the units digit of j(b)?
7
Suppose 2*n - 2*u = -2*n + 62, 4*n + 2*u = 50. What is the tens digit of n?
1
Suppose -3*r - 28 - 113 = 0. Let b = -33 - r. What is the tens digit of b?
1
Let v(w) = 2*w**3 - w - 1. Let g be v(-1). What is the units digit of 3 + (-4*1)/g?
5
Suppose 0 = 4*d + 3*u - 41, -2*d + 4*u = -4. Let t = 5 + d. What is the units digit of t?
3
Let y(s) = 79*s. What is the tens digit of y(1)?
7
Let q(f) = 7 - 2*f**2 + 5*f + 3 - 4. Let z be q(6). What is the units digit of (-8)/z - 79/(-9)?
9
Suppose 2 + 2 = -4*j, 5*j = -w - 5. Suppose d = -w*d + 2. What is the units digit of d?
2
Let v(c) = c + 20. What is the units digit of v(9)?
9
What is the units digit of (6/4)/(7/364)?
8
Let c = -138 - -262. Let d = -89 + c. What is the tens digit of d?
3
Suppose 0*b + b = 10. Suppose -b = -5*k, 2*s - 13 = 5*k + 21. Suppose 0 = 4*t - 54 - s. What is the units digit of t?
9
Let d(n) = 3*n**3 - 6*n**2 + 3*n - 8. Let y be d(4). Suppose c = -c + y. What is the units digit of c?
0
Let l = 7 - 5. Suppose h - 18 = -5*b, 3*b - l = -5*h - 0. What is the units digit of ((-18)/b)/((-3)/4)?
6
Let a be (-3 - 0) + (-2 - 2). Let u(w) = -4*w - 2. What is the tens digit of u(a)?
2
Let h(y) = y**2 + y - 4. Let i be 1/(-1) + 1/1. Let l be h(i). What is the units digit of l/(-14) + 80/14?
6
Let b(j) = -j**3 - 10*j**2 - j - 7. Let c be b(-10). Suppose u - 2*f = 4 - 3, c*f = u + 1. What is the units digit of u?
5
Suppose -2*x - 35 + 9 = -2*m, 3*m + 3*x = 63. Suppose j = r - 9, m = -2*r + 3*r - 5*j. What is the units digit of r?
7
Let h(i) = i**2 + 5*i. Let n be h(-5). Suppose 3*a + 57 - 189 = n. What is the units digit of a?
4
Suppose 0 = -52*q + 49*q + 1011. What is the hundreds digit of q?
3
Let h(v) = 21*v + 51. What is the hundreds digit of h(5)?
1
Let q(t) = t**2 - 4*t + 9. Let j(g) = 3*g - 5. Let z be j(4). What is the tens digit of q(z)?
3
Let x be (-2)/(-6) + (-6)/(-9). Let t be 2*(6/(-4) + x). What is the units digit of (t*(-2 + 1))/1?
1
Suppose c - 2*a + 1 = 2, c - 1 = 3*a. What is the units digit of c?
1
Let b(v) = 3 - 11 - v**2 + 3*v + 8*v. What is the units digit of b(8)?
6
Let r be -4*(111/(-12) - 0). Suppose -3*j + r = 16. Let i(s) = -s + 17. What is the tens digit of i(j)?
1
Suppose -2*l + 7*l = 5*f - 45, 6 = f + 2*l. Suppose 2*u - f = -2*u. Suppose 4*s + 2*a - 2 = 0, -4*s - s - u*a + 4 = 0. What is the units digit of s?
2
Let u(t) = t. Let m(w) = 1. Let n(p) = 4*m(p) + u(p). Let z be n(-4). Suppose z = c - 0*h + 4*h + 1, 2*c - 2*h - 8 = 0. What is the units digit of c?
3
Suppose -3*i + 6*i = -3*s + 9, 4*s + 8 = i. Suppose 46 = 2*x - i*x. Let n = -11 - x. What is the units digit of n?
2
Suppose 4*z = z + 102. What is the tens digit of z?
3
Let q = 6 - 4. Let t be 2 - 3/((-3)/q). Suppose -t*g + 2*d = -g - 8, -5*d + 7 = -3*g. What is the units digit of g?
6
What is the units digit of 31*(-1 - -2 - -1)?
2
Let v(s) = 18*s**2 + 20*s - 6. What is the hundreds digit of v(-5)?
3
Let v(o) = -2*o**3 - 13*o**2 + 11*o - 1. Let t(s) = 5*s**3 + 38*s**2 - 33*s + 4. Let r(j) = -3*t(j) - 8*v(j). What is the tens digit of r(9)?
1
Suppose 25 = -0*b - b. What is the units digit of b/(-3) + 8/(-24)?
8
What is the units digit of 4/18 - 744/(-54)?
4
Suppose 4*n = 2*n - 2. Let r = n - 0. What is the units digit of 1 - ((r - 0) + -10)?
2
Suppose -c = -4*c - 3*b + 12, -4*b = -5*c + 2. What is the units digit of (-2 + 4 - c) + 7?
7
Let m be 53/(-4) + 2/8. Let p(s) = s + 12. Let i be p(-13). What is the units digit of m*(3/i - -2)?
3
Suppose 157 = d + 32. What is the units digit of d?
5
Suppose -3*w - 15 = -6*w. Suppose -o + w + 23 = 0. What is the tens digit of o?
2
Let s(a) = -4*a**3 - 5*a**2 + 3*a - 1. Let l(t) = -4*t**3 - 4*t**2 + 2*t - 1. Let c = 0 + 4. Let w(y) = c*l(y) - 3*s(y). What is the units digit of w(-1)?
3
Let y(c) be the third derivative of c**5/60 - 3*c**4/8 - 11*c**3/6 + 5*c**2. What is the units digit of y(11)?
1
Suppose 5*m - 18 = 3*m. Let f = -5 + m. Suppose 0 = 5*v - f*p - 25 + 2, v + 4*p = -5. What is the units digit of v?
3
Let q(z) = -6*z**3 + 2*z**2 - z. Let l be q(1). Let o = -1 - l. What is the units digit of (o - 5)/((-2)/8)?
4
Suppose -k = -2*k - 3*l, -8 = k - l. Let h be 4/k + (-4)/(-6). Suppose 2*i + h*i = 2. What is the units digit of i?
1
Let o = 99 + -93. What is the units digit of o?
6
Suppose -2*c + s + 5 = 0, c - s - s - 4 = 0. Let l be ((-5)/(-10))/(c/8). Suppose l*y - 4*y = b + 2, -5*y - 3 = 3*b. What is the units digit of b?
4
Let m(i) = -8*i**3 + i**2 - i - 1. Let t(o) = -o - 4. Let p be t(-3). Let k be m(p). Suppose 4*g - k = -1. What is the units digit of g?
2
Suppose 0 = -3*f - 6, 0 = -2*a + f - 1 + 7. What is the units digit of a?
2
Let w(i) = -3*i**2 - 3*i - 9*i + 2*i + 2*i**2. What is the tens digit of w(-8)?
1
Let h(u) = 8*u + 5. What is the tens digit of h(6)?
5
Let k = -85 - -223. What is the tens digit of k?
3
Let o(i) = 3*i + 1. Let p be o(5). Let q be (-1)/3 - p/(-3). Suppose -y + 6 = 2*r, 2*y + 3 = q*r + 6. What is the units digit of r?
1
Suppose -2*w - 2*w = -8. What is the units digit of w?
2
What is the tens digit of (-43)/((-2)/(5 + -3))?
4
Suppose -25 = -4*h + 3. Suppose -8 = -5*n + h. What is the units digit of n?
3
Let c(j) = j**2 - 3*j - 22. What is the units digit of c(-11)?
2
Let a be (2 - -1)*3/9. Suppose 2*f + 0*f - 5*c = -19, -2*c = 4*f - 22. Suppose -10 = -f*l - a. What is the units digit of l?
3
Suppose -31 = 4*a - 219. What is the units digit of a?
7
Suppose 0 = -f - 3*f + 4. Let h(l) = 2*l**2. Let g be h(f). Suppose -u = g*u - 33. What is the units digit of u?
1
Let t(y) be the first derivative of 16*y**3/3 - y**2/2 + 2*y - 2. What is the tens digit of t(1)?
1
What is the tens digit of 13*((-2)/(-4))/(4/24)?
3
Let b(z) be the first derivative of -z**4/4 - 10*z**3/3 - 9*z**2/2 + 11*z + 2. What is the tens digit of b(-9)?
1
Suppose -22*m + 18*m = -88. What is the tens digit of m?
2
Suppose 13*j = 12*j. Suppose -4*m + 22 - 14 = j. What is the units digit of m?
2
Let z = -343 + 606. What is the tens digit of z?
6
Let g be (13/4)/((-4)/16). Let x = g + 44. What is the tens digit of x?
3
Let p be (75/20)/(2/8). Suppose p = 4*d - d. Suppose 33 = 4*c - d*g + 6*g, c - 2*g - 6 = 0. What is the units digit of c?
8
Suppose t + t - 647 = -5*o, -2*o + 2*t = -256. What is the uni